) = -s**3 + 42*s**2 + 87*s + 44. Let j be c(44). Let l(r) be the third derivative of r**5/60 - r**4/24 - r**2. What is l(j)?
0
Let d(v) = 7*v - 14. Let y be ((-3)/4)/(2/(-8)). Let z(a) = 4*a - 7. Let q(t) = y*d(t) - 5*z(t). Determine q(9).
2
Suppose 4 = -12*v + 14*v. Let d(k) = 2*k**2 - 3*k**v - 5 + 1 - 7*k + 1. Let p be 6/(-6) - (2 - -2). What is d(p)?
7
Let i(z) = -2*z + 6. Let w be ((-88)/(-10))/((-692)/140 + 5). Let d = w + -150. What is i(d)?
-2
Let n(f) = f**2 - 2*f - 1. Let m(o) = o**3 + 19*o**2 + 16*o - 34. Let j be m(-18). Give n(j).
-1
Let o be (-5)/(-5) - 10 - 0/(-4). Let l be 6/(-8)*(-6)/o*2. Let v(w) = -3*w**2 + 2*w + 1. Give v(l).
-4
Let h(u) be the first derivative of 4*u**3 - 3*u**2/2 + 2*u + 423. Give h(1).
11
Let k(i) be the first derivative of -i**2 - 4*i + 12. Let t = -132 + 137. Give k(t).
-14
Let r(n) be the first derivative of -n**3/3 + 7*n**2/2 + 7*n - 2. Let x be 207/(-46)*(-8)/6. Give r(x).
13
Let u(q) = -4*q**3 - q**2 + 1. Let i(l) = l - 4. Let r be i(6). Suppose 3*g - r*g + 5 = 0. Let s = 6 + g. Determine u(s).
-4
Let c(u) = 2*u - 6*u + 5 + 3*u. Let t = -511 + 516. What is c(t)?
0
Suppose 2*b - 1 = 5. Let g(j) = j**3 - 4*j**2 + 3*j + 2. Let q be g(3). Let c(y) = 2 + 4 + 6*y - y**q - 3*y - 2. Give c(b).
4
Suppose -180*x + 5 = -185*x. Let f(g) = 28*g - 2. Give f(x).
-30
Let p(b) = -b**3 - 10*b**2 - 10*b + 3. Let g be p(-9). Suppose h + d = -4*h + 45, -h + 4*d - g = 0. Suppose 3*i = 10 + h. Let x(u) = u - 8. What is x(i)?
-2
Let n(p) = p**2 - 5*p + 7. Let w = -290 + 295. Give n(w).
7
Let z(o) be the third derivative of o**4/3 - o**2. Let c(b) = -2*b + 20. Let m(i) = i - 10. Let h(u) = 3*c(u) + 7*m(u). Let v be h(12). What is z(v)?
16
Let x(s) be the second derivative of s**6/720 + 3*s**5/40 - 9*s**4/2 - 15*s. Let g(q) be the third derivative of x(q). Give g(-10).
-1
Let m(l) = -l**2 + 15*l + 16. Let h(n) = -3*n**2 - 22*n + 8. Let a be h(-7). What is m(a)?
16
Let n(j) = j**3 + 4*j**2 - 4*j. Let r(s) = -s**2 - s + 2. Let k be r(0). Suppose 0 = -6*u - k*u - 40. What is n(u)?
-5
Let m(y) = 4*y + 164. Let k be m(-44). Let s(g) = -g**2 - 15*g - 30. Determine s(k).
6
Let s be (-2 - 0)*(-108)/8. Suppose -20*y = -s*y + 42. Let u(h) = h - 6. What is u(y)?
0
Let u(f) = f**2 + 7*f - 1. Let s be u(-6). Let t(c) = 17*c + 13*c - 4*c**2 + 5*c**2 - 27*c - 2 + 3*c. Give t(s).
5
Let r(g) be the third derivative of -g**5/60 + 13*g**4/24 - 11*g**3/2 + 6*g**2 - 77*g. What is r(9)?
3
Let f(o) = 8*o - 1. Let l(y) = 2*y**3 - 85*y**2 - 41*y - 85. Let i be l(43). Calculate f(i).
7
Let z(h) = 2*h**3 + h**2 - 3*h + 8. Let s(j) = 7*j**3 + 2*j**2 - 9*j + 26. Let p(b) = 3*s(b) - 10*z(b). Suppose -m = 4, 0 + 14 = 3*c - 2*m. Calculate p(c).
-4
Suppose -2*t - 10 = -l + 2*t, 4*l + 5*t + 2 = 0. Suppose -l*q = 2*q. Let y(s) = -s**2 - s + 8. Calculate y(q).
8
Let p(c) be the second derivative of -c**3/6 - c**2 + 2*c. Let v be 0 - -3 - 3 - -4. Suppose v*g + 1 + 11 = 0. Calculate p(g).
1
Let l(i) = -4*i**2 + 5*i - 4. Let f = 1748 + -1746. Give l(f).
-10
Let y(a) = -2*a + 1. Let q be y(-1). Let i = -1 + q. Let f(h) = 2*h**3 - 2*h + 4*h**2 + h**3 - 32 - 4*h**3 + 30. Determine f(i).
2
Let o(t) = -2*t**2 + t - 1. Let u(k) = 11*k**2 + 20*k + 60. Let s(a) = 6*o(a) + u(a). Give s(28).
-2
Let v = 1812 + -1811. Let l(t) = -3*t**2 - 4*t + 5. Determine l(v).
-2
Let x(l) = -2*l**2 + 12*l - 1. Let k be x(4). Let s(u) = 7 - u - k - u**2 + 5*u + 16. Give s(6).
-4
Let x(o) = -2*o**2 - 17*o - 4. Let q(p) = -p**2 - 8*p - 2. Let f = 49 + -46. Let a(w) = f*x(w) - 7*q(w). What is a(-5)?
2
Let x be -4 - (-34)/10 - 3/(-5). Suppose -2*d = -x*d - 2. Let v(a) = a**2 - 5*a - 1. Let c(p) = p. Let w(s) = -5*c(s) - v(s). What is w(d)?
0
Let d(k) = k**3 + 4*k**2 - 18*k + 12. Let u(y) = -5*y**3 - 14*y**2 + 73*y - 49. Let i(n) = -9*d(n) - 2*u(n). What is i(5)?
-5
Suppose q - 4 = 0, 3*a + 2*q = 5*a + 8. Let d(s) = -s**2 + s - 10. Calculate d(a).
-10
Let w(s) be the third derivative of s**6/120 + 7*s**5/30 - 5*s**4/4 + 29*s**3/6 + 2*s**2 + 142. Calculate w(-16).
-3
Let f(w) = 4*w + 12. Let a(i) = -2*i - 7. Let d(q) = 7*a(q) + 4*f(q). What is d(2)?
3
Let d(j) = 6 - j - 14 + 11. Calculate d(15).
-12
Let o(u) be the second derivative of u**4/12 - u**2/2 + 74*u. Give o(1).
0
Let t(g) be the first derivative of 12 - 1/2*g**2 - 1/4*g**4 - g + 1/3*g**3. Give t(0).
-1
Suppose 2*l - 106 = -0*l. Let a(f) = 3 + 52*f + 2 - 3 - l*f. Give a(-7).
9
Suppose 4*l - h + 3 = -5, 8 = -4*l + 2*h. Let v(p) = p**3 + 3*p**2 - 3*p - 3. Determine v(l).
7
Suppose 1 = 5*p + 6, -s - 4*p - 51 = 0. Let i = -45 - s. Let v(z) = 2*z**3 - 3*z**2 + 2*z + 1. What is v(i)?
9
Let z(a) be the third derivative of -a**4/4 - a**3/6 - 137*a**2. Determine z(-1).
5
Let f(u) = 7*u - 9. Let q = 1810 - 1807. Calculate f(q).
12
Suppose 5*h + 4*s = -s + 280, 5*s = h - 56. Let u = 58 - h. Let q(g) = 4*g**2 - 3*g + 1. What is q(u)?
11
Let z(l) = -3*l - 1. Let v = 187 - 190. Let b(k) be the first derivative of 3*k**2 + 13*k - 2. Let r be b(v). Give z(r).
14
Let z(s) = s**2 + 5*s + 2. Suppose 6*f + 4 = 10*f. Let y be (3/(-3))/(f/(-4)). Suppose -5*w - q - 25 = -6*q, w = y*q - 5. What is z(w)?
2
Let b be 103/(-5) + (-6)/15. Let i = 25 + b. Let u(r) = -r + 2. What is u(i)?
-2
Let n be 6/7*56/12. Suppose -s - s = -n. Let m(u) = u**s + 10*u - u**3 - 4 - 2*u - 5*u. What is m(3)?
-13
Let m be ((-4)/(-3))/(2/6). Let p(k) = -k. Let g(a) = -12*a + 6. Let q(l) = g(l) + 2*p(l). Let f(o) = -5*o + 2. Let u(j) = -8*f(j) + 3*q(j). Give u(m).
-6
Suppose -46 = -19*g - 8. Let j(o) = -o. Let t(y) = 2*y + 3. Let x(f) = 3*j(f) + t(f). Give x(g).
1
Suppose -6*v = -27*v + 63. Let s(u) = -6*u - 1. Give s(v).
-19
Let h(z) = 2*z - 5. Suppose 13*q + 6 - 32 = 0. Give h(q).
-1
Let q(t) = -2*t - 5. Let a be 1/8*4*56. Suppose 8 = -4*v + a. Calculate q(v).
-15
Suppose 4*t + 2*f = -18 - 0, 4*t - 4*f = 12. Let p(d) = 10 + 1 + 16*d - 11*d - 17 + 4. What is p(t)?
-12
Let s(u) = u**2 + 5*u - 4. Let d(l) = -l**2 - 4*l - 11. Let z be d(-2). What is s(z)?
10
Let t(w) = -4*w**2 + 8*w. Let n(v) = -v**2 + 3*v - 1. Let g(l) = 7*n(l) - 2*t(l). Suppose 3*q = -2*q - 35. Determine g(q).
7
Let s(z) = z**3 + 5*z**2 + 2*z + 1. Let u(n) = -14*n - 256. Let r be u(-18). Give s(r).
9
Suppose 3*o - 3 + 5 = 5*h, 50 = 5*o + 5*h. Let l(k) = 13 - 13 - o*k + 3*k**2 + 6. Give l(4).
30
Let o(z) = 6*z**3 - 2*z**2 - 4*z + 5. Let s be o(1). Let d(m) = -m**2 + m + 5. Calculate d(s).
-15
Let m(q) = 5*q - 5. Let k(a) = -2*a + 9*a - 9 + 2*a. Let f(i) = 6*k(i) - 11*m(i). Let n be 2*(-6 - 10)/(-8). Give f(n).
-3
Let f(v) = v**3 + v**2 + v + 14. Let r(p) = -4*p**2 + 2*p + 1. Let w be r(-1). Let u(g) = g + 5. Let x be u(w). Determine f(x).
14
Let i = 2 - 0. Let m = 7 - i. Let p(x) be the first derivative of x**2 - 2*x - 7. Calculate p(m).
8
Let u = 26 + -11. Let z(r) = -9*r + u*r - 8*r. Calculate z(5).
-10
Let l(w) = -w**3 - 11*w**2 + 13*w + 6. Let r = 135 - 147. What is l(r)?
-6
Let j(v) = -4*v - 5 + 3*v + 3. Suppose 5*w - l + 3*l = -8, 5*l = -20. Suppose w = -3*t + 2*t + 4. Give j(t).
-6
Suppose -8*t = 7*t - 15. Let a be -2 - 2*(1 + -2). Let n(r) = -r + 0 + a*r + 1. Determine n(t).
0
Let k(f) = 61*f**2 - 3*f - 60*f**2 - 12 + 0*f + f. Give k(5).
3
Let k(a) = a + a - 3 + 11. Suppose 21 = -3*l + 2*y, -37 = 4*l + y - 9. Give k(l).
-6
Let d be (-3)/21 - ((-820)/(-35))/4. Let y(c) = c**2 + 3. Let b(k) = 2*k**2 + k + 5. Let i(t) = 4*b(t) - 7*y(t). Calculate i(d).
11
Let p(q) be the second derivative of q**5/20 + q**4/2 - q**3/6 + q**2 + 4*q + 929. Suppose 0 = i - 3*s - s + 22, 4*i = -3*s - 12. Determine p(i).
8
Let s(j) = 2*j**2 - 3 + 2*j**3 - j**3 + 5. Let k be (-4)/(-6)*234/(-52). What is s(k)?
-7
Let h be (-2)/((-6)/(-9)) + 3. Let a be h + -1*(-5 - -1). Let q(k) = -5*k. Let p(w) = 11*w + 1. Let d(b) = a*p(b) + 9*q(b). Determine d(6).
-2
Let z(h) = 140*h + 704. Let y be z(-5). Let x(b) = -b**2 + 7*b - 8. What is x(y)?
4
Let v(o) be the second derivative of o**3/3 - 61*o. What is v(2)?
4
Suppose 0 = -x + 4*w - 5*w, -4*w + 3 = 3*x. Let h be (0 + -5)/(x/(4 + -1)). Let g(y) = -y + 7. What is g(h)?
2
Let v(x) be the second derivative of -x**5/20 + 5*x**4/12 - x**3 + 3*x**2/2 + 246*x. What is v(4)?
-5
Let r(g) = -6*g**2 - 3*g. Let u be r(-1). Let y(d) = -6*d - 2. Calculate y(u).
16
Let s be (3 + (-21)/(-3))*3/6. Suppose 33 = 